{"id":192,"date":"2017-03-18T22:00:37","date_gmt":"2017-03-18T22:00:37","guid":{"rendered":"http:\/\/susanne-und-die-woelfe.de\/?page_id=192"},"modified":"2017-03-19T08:02:03","modified_gmt":"2017-03-19T08:02:03","slug":"vortraege","status":"publish","type":"page","link":"https:\/\/susanne-und-die-woelfe.de\/?page_id=192","title":{"rendered":"Vortr\u00e4ge"},"content":{"rendered":"<p><span style=\"font-family: helvetica, arial, sans-serif;\"><strong>Rotk\u00e4ppchen mal anders\u2026<\/strong><\/span><\/p>\n<p><span style=\"font-family: helvetica, arial, sans-serif;\">Mein Leben mit Wolfsblut<\/span><\/p>\n<p><span style=\"font-family: helvetica, arial, sans-serif;\">Lassen Sie sich in eine Welt entf\u00fchren, die sich ein bisschen zwischen Rotk\u00e4ppchen und Pipi Langstrumpf bewegt.<\/span><\/p>\n<ul>\n<li><span style=\"font-family: helvetica, arial, sans-serif;\">Wie gestaltete sich das Zusammenleben mit Amarok, Khibani und den andere Tiergef\u00e4hrten?<\/span><\/li>\n<li><span style=\"font-family: helvetica, arial, sans-serif;\">Wo lagen die Grenzen der Anpassungsf\u00e4higkeit der Wolfshybriden an das menschliche Leben?<\/span><\/li>\n<li><span style=\"font-family: helvetica, arial, sans-serif;\">Welche kritischen Situationen sind in unserem Miteinander entstanden?<\/span><\/li>\n<li><span style=\"font-family: helvetica, arial, sans-serif;\">Wie haben Amarok und Khibani reagiert, als ein Mann in mein Leben trat?<\/span><\/li>\n<li><span style=\"font-family: helvetica, arial, sans-serif;\">Wie haben sie das Menschenkind Johanna in ihrer Mitte aufgenommen?<\/span><\/li>\n<\/ul>\n<p><span style=\"font-family: helvetica, arial, sans-serif;\">All das m\u00f6chte ich Ihnen erz\u00e4hlen und anhand von Fotos und kleinen Filmausschnitten zeigen &#8211; und nat\u00fcrlich erhalten Sie auch Informationen \u00fcber die aktuelle Situation der W\u00f6lfe in Deutschland.<\/span><\/p>\n<figure id=\"attachment_193\" aria-describedby=\"caption-attachment-193\" style=\"width: 744px\" class=\"wp-caption alignnone\"><img decoding=\"async\" loading=\"lazy\" class=\"wp-image-193 size-medium\" src=\"http:\/\/susanne-und-die-woelfe.de\/wp-content\/uploads\/2017\/03\/WDR_B.Trifft_Heinz-Sielmann_1998-744x558.jpg\" alt=\"\" width=\"744\" height=\"558\" srcset=\"https:\/\/susanne-und-die-woelfe.de\/wp-content\/uploads\/2017\/03\/WDR_B.Trifft_Heinz-Sielmann_1998-744x558.jpg 744w, https:\/\/susanne-und-die-woelfe.de\/wp-content\/uploads\/2017\/03\/WDR_B.Trifft_Heinz-Sielmann_1998-420x315.jpg 420w, https:\/\/susanne-und-die-woelfe.de\/wp-content\/uploads\/2017\/03\/WDR_B.Trifft_Heinz-Sielmann_1998-768x576.jpg 768w, https:\/\/susanne-und-die-woelfe.de\/wp-content\/uploads\/2017\/03\/WDR_B.Trifft_Heinz-Sielmann_1998-1200x900.jpg 1200w\" sizes=\"(max-width: 706px) 89vw, (max-width: 767px) 82vw, 740px\" \/><figcaption id=\"caption-attachment-193\" class=\"wp-caption-text\"><span style=\"font-family: helvetica, arial, sans-serif;\">WDR, Talkshow B.trifft mit Prof. Dr. Heinz Sielmann und Bettina B\u00f6ttinger<\/span><\/figcaption><\/figure>\n<p><span style=\"font-family: helvetica, arial, sans-serif;\">Vortragsdauer: ca. 2 Stunden<\/span><\/p>\n<p>&nbsp;<\/p>\n","protected":false},"excerpt":{"rendered":"<p>Rotk\u00e4ppchen mal anders\u2026 Mein Leben mit Wolfsblut Lassen Sie sich in eine Welt entf\u00fchren, die sich ein bisschen zwischen Rotk\u00e4ppchen und Pipi Langstrumpf bewegt. Wie gestaltete sich das Zusammenleben mit Amarok, Khibani und den andere Tiergef\u00e4hrten? Wo lagen die Grenzen der Anpassungsf\u00e4higkeit der Wolfshybriden an das menschliche Leben? Welche kritischen Situationen sind in unserem Miteinander &hellip; <\/p>\n<p class=\"link-more\"><a href=\"https:\/\/susanne-und-die-woelfe.de\/?page_id=192\" class=\"more-link\"><span class=\"screen-reader-text\">\u201eVortr\u00e4ge\u201c<\/span> weiterlesen<\/a><\/p>\n","protected":false},"author":1,"featured_media":0,"parent":228,"menu_order":2,"comment_status":"closed","ping_status":"closed","template":"","meta":[],"_links":{"self":[{"href":"https:\/\/susanne-und-die-woelfe.de\/index.php?rest_route=\/wp\/v2\/pages\/192"}],"collection":[{"href":"https:\/\/susanne-und-die-woelfe.de\/index.php?rest_route=\/wp\/v2\/pages"}],"about":[{"href":"https:\/\/susanne-und-die-woelfe.de\/index.php?rest_route=\/wp\/v2\/types\/page"}],"author":[{"embeddable":true,"href":"https:\/\/susanne-und-die-woelfe.de\/index.php?rest_route=\/wp\/v2\/users\/1"}],"replies":[{"embeddable":true,"href":"https:\/\/susanne-und-die-woelfe.de\/index.php?rest_route=%2Fwp%2Fv2%2Fcomments&post=192"}],"version-history":[{"count":5,"href":"https:\/\/susanne-und-die-woelfe.de\/index.php?rest_route=\/wp\/v2\/pages\/192\/revisions"}],"predecessor-version":[{"id":328,"href":"https:\/\/susanne-und-die-woelfe.de\/index.php?rest_route=\/wp\/v2\/pages\/192\/revisions\/328"}],"up":[{"embeddable":true,"href":"https:\/\/susanne-und-die-woelfe.de\/index.php?rest_route=\/wp\/v2\/pages\/228"}],"wp:attachment":[{"href":"https:\/\/susanne-und-die-woelfe.de\/index.php?rest_route=%2Fwp%2Fv2%2Fmedia&parent=192"}],"curies":[{"name":"wp","href":"https:\/\/api.w.org\/{rel}","templated":true}]}}